t is -14304 - -524013?
506406
In base 9, what is 5 - 126718504?
-126718488
In base 5, what is 141042103311 - 4?
141042103302
In base 9, what is 5683002 + -2?
5683000
In base 3, what is 201 - 12010100002221?
-12010100002020
In base 13, what is -38 - -124289?
124251
In base 10, what is -144960 + 1075?
-143885
In base 10, what is -1 - 41991307?
-41991308
In base 8, what is 415 + 732553?
733170
In base 14, what is c - 250b49?
-250b3b
In base 10, what is -553 - -5548?
4995
In base 14, what is -a7 - 153d0?
-15497
In base 10, what is 13 - 2110730?
-2110717
In base 16, what is 1 + 1ad5ab?
1ad5ac
In base 6, what is 1114 - -444320?
445434
In base 8, what is 25 + 53162775?
53163022
In base 13, what is 37a04c - -415?
37a464
In base 4, what is -220322113 + 3311?
-220312202
In base 12, what is 2328910 - 3?
2328909
In base 13, what is -5 - 16945ca?
-1694602
In base 6, what is -12115420 + -2?
-12115422
In base 7, what is -3 + 225333213?
225333210
In base 9, what is -71608 - 1478?
-73187
In base 7, what is 15 - 6631364?
-6631346
In base 16, what is -804e07 - 4?
-804e0b
In base 16, what is -1 - 785acc?
-785acd
In base 16, what is 5 + -126774d?
-1267748
In base 3, what is 20002120020200200 - 12?
20002120020200111
In base 9, what is 13417 + -13283?
124
In base 2, what is -1101111111000001110 - 10110?
-1101111111000100100
In base 16, what is 2ce5c + -28?
2ce34
In base 14, what is -a95c77 - -3?
-a95c74
In base 15, what is -1 + 1365963?
1365962
In base 6, what is 150041504 + -41?
150041423
In base 2, what is -111010000110101010 - -10011?
-111010000110010111
In base 13, what is -30c881 - -2a6?
-30c5a8
In base 5, what is -2224211 - 224010?
-3003221
In base 14, what is 8 - 4635aa?
-4635a2
In base 5, what is -44440213404 - 10?
-44440213414
In base 8, what is 0 + -13061765?
-13061765
In base 11, what is -43900233 + -2?
-43900235
In base 13, what is 189 + -1285?
-10c9
In base 8, what is -2522234 - 17?
-2522253
In base 7, what is 5 - 334366652?
-334366644
In base 9, what is -22 + 30872303?
30872271
In base 12, what is 164 - -2aa86?
2b02a
In base 3, what is 12020011101212 - 1121?
12020011100021
In base 6, what is -4204525 + -254?
-4205223
In base 10, what is 1165051 + -4?
1165047
In base 13, what is 2897 - 1634?
1263
In base 5, what is -3 + 4042024242?
4042024234
In base 4, what is 2101333 + 210310?
2312303
In base 9, what is 38606 + -7?
38588
In base 15, what is -397 - -e568?
e1c1
In base 5, what is 41223140312 + -4?
41223140303
In base 13, what is 5 + 342c112?
342c117
In base 8, what is -13 - 251504550?
-251504563
In base 5, what is 11034300100 + 10?
11034300110
In base 16, what is -4b568 - -16?
-4b552
In base 8, what is 4 - 5177017?
-5177013
In base 8, what is -46 + 126?
60
In base 16, what is 2d704 + 3d2?
2dad6
In base 2, what is -10001000010 - -1000010101110110?
1000000100110100
In base 15, what is -3 + 6ae447?
6ae444
In base 13, what is 269bb64b + 0?
269bb64b
In base 16, what is -28b9fd4 + 3?
-28b9fd1
In base 11, what is 1 - 66770791?
-66770790
In base 9, what is 8 - 1576181?
-1576172
In base 7, what is -146 + 44565662?
44565513
In base 11, what is a - 1863936?
-1863927
In base 16, what is 1ef6dd - 26?
1ef6b7
In base 10, what is 314 - -27600?
27914
In base 9, what is 1286363560 - -1?
1286363561
In base 8, what is -127173 + 643?
-126330
In base 14, what is -41b3 - 2661?
-6834
In base 14, what is -28bc - 2d71?
-584d
In base 6, what is -3 - -1224100200?
1224100153
In base 6, what is 2 + 3221020300?
3221020302
In base 7, what is -502 + 324216?
323414
In base 3, what is 10010 - 201210121?
-201200111
In base 13, what is 45a7 + -3657?
c50
In base 9, what is 783847740 + -4?
783847735
In base 8, what is 427676 - 311?
427365
In base 14, what is a5765b - -2?
a5765d
In base 10, what is 3 + -317948?
-317945
In base 12, what is 26 + -26892?
-26868
In base 4, what is -12 - -122123023022?
122123023010
In base 16, what is -6 - b6ce3?
-b6ce9
In base 4, what is -12310323131 + 13?
-12310323112
In base 4, what is -2301331321110 + -1?
-2301331321111
In base 8, what is 551321 - -5?
551326
In base 5, what is -220022 - -21413?
-143104
In base 12, what is -226 - -13265?
1303b
In base 11, what is -12a - -a9971?
a9842
In base 10, what is 1 + 2736962?
2736963
In base 9, what is 4 + -3202071?
-3202066
In base 10, what is -7 - 19766641?
-19766648
In base 8, what is 724 - 3165413?
-3164467
In base 14, what is 2 - 34cd78?
-34cd76
In base 15, what is -4 - -30856a?
308566
In base 10, what is -88392 + -54?
-88446
In base 8, what is 15206650503 - -2?
15206650505
In base 16, what is c37 + 13c1?
1ff8
In base 11, what is 71a8 + -695?
6613
In base 13, what is 50b - -2c5c?
346a
In base 12, what is 16 + 350a21?
350a37
In base 16, what is 1bc - 7aeb?
-792f
In base 5, what is -12 - 2341040011?
-2341040023
In base 15, what is 1e5 - 2ed2?
-2cdc
In base 12, what is -5a - 157619?
-157677
In base 15, what is 6 - -13a9e?
13aa5
In base 3, what is -111022000002020 - 1011?
-111022000010101
In base 3, what is 121221212211 - -2102011?
122001021222
In base 8, what is 3565373210 - -1?
3565373211
In base 10, what is 1 + -1807233?
-1807232
In base 15, what is 34 + -16e6e?
-16e3a
In base 15, what is cb + 5aea7e?
5aeb5a
In base 10, what is -463743 + -138?
-463881
In base 11, what is 1556a913 + 0?
1556a913
In base 8, what is 10 - 4034?
-4024
In base 12, what is 2 - -268591?
268593
In base 3, what is -21011210100 + -112100?
-21012022200
In base 15, what is -83d683 - -4?
-83d67e
In base 13, what is -5 - -9a56567?
9a56562
In base 10, what is 19036631 - -9?
19036640
In base 3, what is -122001020210010102 - 11?
-122001020210010120
In base 8, what is 332316 - -1361?
333677
In base 8, what is 637150517 + 11?
637150530
In base 3, what is 100020012022 - -112022?
100020201121
In base 14, what is -1b8b - -1154?
-a37
In base 13, what is -12812 + -a7?
-128b9
In base 16, what is 18952be2 + 2?
18952be4
In base 11, what is 4926 + -24?
4902
In base 5, what is 130223 + 1330104?
2010332
In base 3, what is 100102012200011 + 20?
100102012200101
In base 12, what is -346323 - 14?
-346337
In base 4, what is 313101013112 + -11?
313101013101
In base 5, what is 11223221 - -101?
11223322
In base 6, what is 100030113 - -21?
100030134
In base 16, what is c8c + -6ba?
5d2
In base 4, what is -2321310301 - -1020?
-2321303221
In base 8, what is -34334 + -245?
-34601
In base 4, what is -230211330033 + -1?
-230211330100
In base 5, what is -40432410142 + 1?
-40432410141
In base 11, what is -32a86 + -6?
-32a91
In base 6, what is 144 + -1112023040?
-1112022452
In base 12, what is 10 + -906334?
-906324
In base 4, what is 11100202101 - 33?
11100202002
In base 16, what is -dbea5 + -52?
-dbef7
In base 10, what is -86205 - -59?
-86146
In base 10, what is 345 - -62106?
62451
In base 9, what is 841 - -183?
1134
In base 10, what is 1323203 - 66?
1323137
In base 14, what is -6da4 + -254?
-7218
In base 10, what is 39 - 211498?
-211459
In base 16, what is -60 - -dcb91?
dcb31
In base 6, what is -111505545 + -424?
-111510413
In base 6, what is -231501 - -25?
-231432
In base 8, what is 26371 - 1212?
25157
In base 13, what is 88a4 - 3008?
5899
In base 9, what is -372286 - -147?
-372138
In base 10, what is 338 - 681793?
-681455
In base 5, what is -3022221 + -134343?
-3212114
In base 5, what is -220 + -14413223311?
-14413224031
In base 12, what is 62a2 - -4b5?
6797
In base 3, what is -10 + -201022012012211?
-201022012012221
In base 4, what is -1223212201 - 210?
-1223213011
In base 13, what is -286 - 2149b?
-21754
In base 5, what is -10231 - -12232330?
12222044
In base 5, what is 23 + 10003342?
10003420
In base 8, what is -125 - 571130?
-571255
In base 6, what is 133 + 12430501?
12431034
In base 12, what is -428266 + -19?
-428283
In base 12, what is -2abb71 + -68?
-2b0019
In base 10, what is -139531 - 217?
-139748
In base 3, what is 2212000200 - 2121?
2211221002
In base 3, what is -12121220122121000 - 1?
-12121220122121001
In base 8, what is -4 - -21343136?
21343132
In base 11, what is a - -9a20460?
9a2046a
In base 13, what is -13288 - 503?
-1378b
In base 4, what is 123013 - -2003112?
2132131
In base 10, what is -2857532 + 67?
-2857465
In base 16, what is 4ed - 145a27?
-14553a
In base 3, what is 1020010122101202 + -20?
1020010122101112
In base 16, what is -1cfce + -3e2?
-1d3b0
In b